e r*f - 375 = -4*z - 123, 3*f + 4*z - 148 = 0. What is the units digit of f?
2
Let i = -1 - -3. Suppose -l + 4 = 0, 0*n + i*n - l = 34. What is the units digit of n?
9
Suppose -2*n = m - 24, -4*n + 37 = 3*m - 5*n. Let g be 21/m*(-22)/(-3). Suppose g*b - 183 = 8*b. What is the units digit of b?
1
Let w = -22 - -16. Let z(b) = 3*b - 10. Let q(c) = -2. Let h(u) = 5*q(u) - z(u). What is the units digit of h(w)?
8
Let i(t) = -455*t - 152. What is the thousands digit of i(-3)?
1
Let k(q) = 5*q**2 + q + 6. Let p(l) = l**2 - l. Let x(i) = -k(i) + 6*p(i). What is the units digit of x(11)?
8
Let l = 49 + -21. Let t = l + -12. What is the units digit of t + (12/2)/(-2)?
3
Let c(a) = 3*a - 14. Let f be c(7). Let l = f + -13. Let i(v) = -9*v - 21. What is the tens digit of i(l)?
3
Let h = 22 + -18. Suppose -19 = -3*m - h. Suppose -2*y - 138 = -4*l, m*y = 3*l + 2*y - 99. What is the tens digit of l?
3
Suppose -5*h = 3*a - 4257, 665 = h + a - 188. What is the tens digit of h?
4
Let j = -1205 - -1738. What is the hundreds digit of j?
5
Suppose -5*w - 4*m = -13600, -3*w + 13625 = 2*w - m. What is the units digit of w?
4
Suppose 0 = -5*k + 600 + 915. What is the tens digit of k?
0
Let o = 13507 + -8572. What is the thousands digit of o?
4
Let n = -559 + 894. What is the hundreds digit of n?
3
Suppose 0 = -5*h - 187 - 73. Let w = 23 + h. Let u = w - -57. What is the tens digit of u?
2
Suppose 4*i = 920 + 348. What is the hundreds digit of i?
3
Let s(m) = m**3 - 9*m**2 + 32*m - 19. What is the hundreds digit of s(9)?
2
Suppose 3*s - 4*d - 48 = s, 5*s = 3*d + 106. Suppose -10*i = -15*i + s. What is the units digit of i?
4
Let d be -2 + -2 - (5 - 8). Let j(t) = -281*t - 1. What is the tens digit of j(d)?
8
Suppose 3*b + 0*b = 3*r + 3, -3 = 3*r - 5*b. Let l be -7 + (r + 1 - -1). What is the units digit of -6*33/l*1?
3
Let s(y) = y**3 - 17*y**2 + 15*y - 30. Suppose -i + 3*a + 2 = -2*a, 0 = -5*i + a + 82. What is the tens digit of s(i)?
2
Let j = -443 + 886. What is the hundreds digit of j?
4
Let p(z) = 2276*z + 119. What is the tens digit of p(1)?
9
Let j(z) = -145*z - 93. What is the tens digit of j(-7)?
2
What is the units digit of ((-6)/(-9))/(52/79638)?
1
Let b = 6 - 4. Suppose -n - 3 = -4*d, b*n - 5*d = 4*n - 20. Suppose -76 - 114 = -n*z. What is the units digit of z?
8
Suppose 4*m - 5*r - 2795 = 0, 4*r + 1214 = 2*m - 176. What is the hundreds digit of m?
7
Let r be 25/9 + -3 - 160/9. What is the units digit of r/12*((-16)/3)/1?
8
Let v(y) be the second derivative of -y**5/20 + 7*y**4/12 + 5*y**3/6 - 13*y**2/2 + y. Let x be (((-36)/(-24))/(-1))/((-4)/16). What is the tens digit of v(x)?
5
Let t(d) = d**3 + 9*d**2 + 9*d + 6. Let b be t(-8). Let m(a) = 11*a**2 + 3*a + 1. What is the tens digit of m(b)?
3
Let h = 5 - 10. Let f = h + 5. Suppose 2*a - 3 - 1 = f. What is the units digit of a?
2
What is the hundreds digit of (2/6)/((-2)/(-7122))?
1
Let a = -1340 - -1992. What is the units digit of a?
2
Suppose 0 = -5*j + 168 - 48. Let s(m) = -4 - 20*m + j*m - 1 - 3. What is the units digit of s(11)?
6
Let l(z) = z**2 - z - 6. Let u be l(3). Suppose 2*x - 60 = -3*x + 4*a, -5*a + 25 = u. What is the units digit of x?
6
Let a(g) = -g + 17. Let j be a(18). Let w be j/(-2*5/640). Suppose 3*n + w = 280. What is the tens digit of n?
7
Suppose -5*u = 3*x - 39, 4*u - 5*u + 39 = 3*x. Suppose -l - 116 = -30*l. Suppose -x = -l*w + 7. What is the units digit of w?
5
Let f = 827 - -22. What is the tens digit of f?
4
Let h(j) be the third derivative of -j**5/60 - j**4 + 2*j**3/3 - 33*j**2. What is the hundreds digit of h(-11)?
1
Suppose -3*n - 8 = 4*i, -2*n + 3 = -2*i + 3*i. Suppose -3*m - 14 = -z + 23, z - 30 = -n*m. What is the units digit of z/4 + (-3)/6?
8
Suppose 0*q = q - 2*k - 4, 0 = -q - k - 8. Let p be (3 + 3)*(-2)/q. Suppose -3*l = 5*i - 4*i - 116, p*l = 2*i + 110. What is the units digit of l?
8
Suppose 2*w + 0*w = -10. Let c(d) be the second derivative of d**4/12 + d**3/3 + 3*d**2 + 15*d. What is the tens digit of c(w)?
2
Let l be (-64)/(-12)*((-83)/(-2) + 2). Suppose 6*q - l = 2*q. What is the tens digit of q?
5
Suppose -4*w + 8 = -4*b, -4*w - 2*b + 20 = -3*b. Let x = 34 - w. What is the tens digit of x?
2
Suppose -5*y - 105 = 105. Let d be 569/7 + 12/y. Suppose b - 16 - 4 = -v, -5*b + d = 4*v. What is the tens digit of v?
1
Let x(b) = 63*b + 28. What is the hundreds digit of x(2)?
1
Suppose -1661 - 28611 = -11*x. What is the thousands digit of x?
2
Suppose -4*l + 14 = 2. Suppose 2*o = 2, r - 5*o = -l*o + 1. Suppose -5*b - 5 = 0, b = r*q - 53 - 29. What is the tens digit of q?
2
Suppose -k - 521 = -m, -5*m - 3*k + 1187 = -1402. Let p = m + -305. What is the units digit of p?
4
Let n(l) = -5 + 2 + 1 + 6*l**2 - 3. What is the tens digit of n(-4)?
9
Let m = 16920 - 12010. What is the thousands digit of m?
4
Let x = 9 - 3. Let g be 2/5 - (-144)/90. Suppose -4*t = 11 + 1, q = -g*t + x. What is the tens digit of q?
1
Suppose -3*a - 5 = -3*i + 7, -21 = -4*i + 5*a. Let r be 1067/(-33)*(i + -5). Suppose 3*t + 0*t = -5*y + 193, -5*y = 4*t - r. What is the units digit of y?
8
Let n(x) = 6*x**2 - 22*x + 120. What is the tens digit of n(5)?
6
Let p(m) = -m**2 - 4*m + 9. Let i be p(-5). Suppose i*r = 3*k + 743, k = -2 - 3. What is the tens digit of r?
8
Let l = -30 - -32. Suppose -5*b + 0*b + 10 = -l*k, 5 = k. What is the units digit of b?
4
Let r(l) = -l**2 + 2*l + 4. Let x be r(4). Let w = x + -9. Let u(o) = -2*o + 2. What is the tens digit of u(w)?
2
What is the units digit of 428 + (24/(-9))/((-6)/(-9))?
4
Let h(l) = l**2 - 4. Let t be h(3). Suppose 4*c + 147 = t*q, c + q = -3*c - 153. Let k = -18 - c. What is the units digit of k?
0
What is the hundreds digit of (-4)/(-20) + (-4538)/(-10)?
4
Let c = 2406 + -1589. What is the hundreds digit of c?
8
Suppose 14*v + 539 = 15*v. What is the hundreds digit of v?
5
Suppose -g - 6 + 7 = 0, -8415 = -2*n + 3*g. What is the tens digit of n?
0
Let b(h) = 313*h - 106. What is the hundreds digit of b(3)?
8
Suppose -3*j + 3*c + 3 = 0, -6*j + 3*c - 9 = -5*j. What is the units digit of (0 - 17)*(j - 7)?
7
Suppose 4*r - 2*d - 6324 = 0, -22*r - 3162 = -24*r + 2*d. What is the tens digit of r?
8
Let v be 3/(-3)*-2*(-52)/(-8). Let i(y) = -y**3 + 14*y**2 - 10*y + 2. What is the units digit of i(v)?
1
Suppose w - 40 = -7*w. Suppose -w*c + 13 = -7. What is the units digit of c?
4
Let v(i) = i**2 + 13*i. Let x(f) = -5*f**2 - 64*f + 1. Let j(o) = -11*v(o) - 2*x(o). Let h(q) = -2*q. Let k be h(7). What is the tens digit of j(k)?
1
Let a(l) = 30*l + 16. What is the hundreds digit of a(20)?
6
Let v be (-3 + 3 + 0)/(-2). Suppose v = h + 4, 0*b + 192 = 4*b - 5*h. What is the units digit of b?
3
Suppose 4*h = 3*w - 8*w - 6, -5*h - 24 = -2*w. Suppose 113 = 4*u - o, 3*u + w*o - 107 + 36 = 0. Let l = u + -11. What is the tens digit of l?
1
Suppose 2*s - 35 = 21. Suppose -s*h + 25*h = -534. Suppose -6*o + 62 = -h. What is the tens digit of o?
4
Suppose -5*b + 5*t + 5205 = 0, b + t - 1041 = -t. What is the hundreds digit of b?
0
What is the units digit of (-45)/(-2)*832/(-1092)*-7?
0
Suppose 6*p + 217 = 649. What is the units digit of p?
2
Let w(j) = -13*j - 6*j + 3 - 13*j. Let u be w(-6). Suppose 6*t - t - u = 0. What is the units digit of t?
9
Suppose -8*w + 13*w + 1810 = 0. Let u = 536 + w. What is the units digit of u?
4
Let t = 396 - -138. What is the hundreds digit of t?
5
Suppose 66*s - 3878 = 59*s. What is the units digit of s?
4
What is the tens digit of (2199 - 61)*2/4?
6
Suppose -5*s - 4*d + 80 = d, -4*s - 3*d + 66 = 0. Let m = s - -39. What is the tens digit of m?
5
Suppose -20 = 5*l, -2*l - 61 = 5*n + 2*l. Let z = n + 148. What is the units digit of z?
9
Let f(q) be the first derivative of q**5/40 - q**4/12 + q**3/3 - 1. Let g(n) be the third derivative of f(n). What is the units digit of g(4)?
0
Suppose -2*p + 2*t + 27000 = 0, 3*p - 2*t + 25090 = 65590. What is the hundreds digit of 1/7 - p/(-70)?
1
Let v = -1 + -1. Let m(t) = -45*t. Let a(n) = -23*n. Let j(c) = 5*a(c) - 2*m(c). What is the tens digit of j(v)?
5
Suppose 2*k - j - 9 = 0, 0 = 3*k + 4*j - 18 - 12. What is the tens digit of (-372)/(-28) - k/21?
1
Let c = -8 + -2. Suppose -64*v = -62*v + 42. Let r = c - v. What is the units digit of r?
1
Let h = -1129 - -2265. What is the tens digit of